{"id":446,"date":"2013-10-24T15:21:07","date_gmt":"2013-10-24T19:21:07","guid":{"rendered":"http:\/\/via_capitale.aliquando.id-3.net\/?page_id=380"},"modified":"2020-04-11T16:09:03","modified_gmt":"2020-04-11T20:09:03","slug":"alerte-immobiliere","status":"publish","type":"page","link":"https:\/\/vaillancourtea.com\/en\/outils\/alerte-immobiliere\/","title":{"rendered":"Market Alert"},"content":{"rendered":"<p><strong>Be informed of new listings of residences for sale by Vaillancourt and Associated for the Laval-Ouest, Fabreville and Saint-Eustache sectors<\/strong>. Our real estate alert offers buyers the possibility of being promptly notified of new market registrations according to your previously established criteria. Results will be emailed to you. <strong>Our service is free and confidential<\/strong>. Take advantage of our real estate alert by filling out the following form.<\/p>","protected":false},"excerpt":{"rendered":"<p>Be informed of new listings of residences for sale by Vaillancourt and Associated for the Laval-Ouest, Fabreville and Saint-Eustache sectors. Our real estate alert offers buyers the possibility of being promptly notified of new market registrations according to your previously established criteria. Results will be emailed to you. Our service is free and confidential. Take [&hellip;]<\/p>\n","protected":false},"author":121,"featured_media":0,"parent":226,"menu_order":0,"comment_status":"open","ping_status":"open","template":"t_tools_market_alert.php","meta":{"_acf_changed":false,"footnotes":""},"class_list":["post-446","page","type-page","status-publish","hentry"],"acf":[],"yoast_head":"<!-- This site is optimized with the Yoast SEO plugin v26.7 - https:\/\/yoast.com\/wordpress\/plugins\/seo\/ -->\n<title>Maisons \u00e0 vendre | Alerte immobili\u00e8re | Vaillancourt et Ass.<\/title>\n<meta name=\"description\" content=\"Alerte immobili\u00e8re pour les nouvelles inscriptions de maisons \u00e0 vendre par Vaillancourt et Associ\u00e9s Laval-Ouest, Fabreville et Saint-Eustache. : 450-314-1992.\" \/>\n<meta name=\"robots\" content=\"index, follow, max-snippet:-1, max-image-preview:large, max-video-preview:-1\" \/>\n<link rel=\"canonical\" href=\"https:\/\/vaillancourtea.com\/outils\/alerte-immobiliere\/\" \/>\n<meta property=\"og:locale\" content=\"en_US\" \/>\n<meta property=\"og:type\" content=\"article\" \/>\n<meta property=\"og:title\" content=\"Maisons \u00e0 vendre | Alerte immobili\u00e8re | Vaillancourt et Ass.\" \/>\n<meta property=\"og:description\" content=\"Alerte immobili\u00e8re pour les nouvelles inscriptions de maisons \u00e0 vendre par Vaillancourt et Associ\u00e9s Laval-Ouest, Fabreville et Saint-Eustache. : 450-314-1992.\" \/>\n<meta property=\"og:url\" content=\"https:\/\/vaillancourtea.com\/outils\/alerte-immobiliere\/\" \/>\n<meta property=\"og:site_name\" content=\"Vaillancourt et Ass. | Courtier immobilier Laval - Rive-Nord\" \/>\n<meta property=\"article:modified_time\" content=\"2020-04-11T20:09:03+00:00\" \/>\n<meta name=\"twitter:card\" content=\"summary_large_image\" \/>\n<meta name=\"twitter:label1\" content=\"Est. reading time\" \/>\n\t<meta name=\"twitter:data1\" content=\"1 minute\" \/>\n<script type=\"application\/ld+json\" class=\"yoast-schema-graph\">{\"@context\":\"https:\/\/schema.org\",\"@graph\":[{\"@type\":\"WebPage\",\"@id\":\"https:\/\/vaillancourtea.com\/outils\/alerte-immobiliere\/\",\"url\":\"https:\/\/vaillancourtea.com\/outils\/alerte-immobiliere\/\",\"name\":\"Maisons \u00e0 vendre | Alerte immobili\u00e8re | Vaillancourt et Ass.\",\"isPartOf\":{\"@id\":\"https:\/\/vaillancourtea.com\/#website\"},\"datePublished\":\"2013-10-24T19:21:07+00:00\",\"dateModified\":\"2020-04-11T20:09:03+00:00\",\"description\":\"Alerte immobili\u00e8re pour les nouvelles inscriptions de maisons \u00e0 vendre par Vaillancourt et Associ\u00e9s Laval-Ouest, Fabreville et Saint-Eustache. : 450-314-1992.\",\"breadcrumb\":{\"@id\":\"https:\/\/vaillancourtea.com\/outils\/alerte-immobiliere\/#breadcrumb\"},\"inLanguage\":\"en-US\",\"potentialAction\":[{\"@type\":\"ReadAction\",\"target\":[\"https:\/\/vaillancourtea.com\/outils\/alerte-immobiliere\/\"]}]},{\"@type\":\"BreadcrumbList\",\"@id\":\"https:\/\/vaillancourtea.com\/outils\/alerte-immobiliere\/#breadcrumb\",\"itemListElement\":[{\"@type\":\"ListItem\",\"position\":1,\"name\":\"Accueil\",\"item\":\"https:\/\/vaillancourtea.com\/\"},{\"@type\":\"ListItem\",\"position\":2,\"name\":\"Outils\",\"item\":\"https:\/\/vaillancourtea.com\/outils\/\"},{\"@type\":\"ListItem\",\"position\":3,\"name\":\"Alerte immobili\u00e8re\"}]},{\"@type\":\"WebSite\",\"@id\":\"https:\/\/vaillancourtea.com\/#website\",\"url\":\"https:\/\/vaillancourtea.com\/\",\"name\":\"Vaillancourt et Ass. | Courtier immobilier Laval - Rive-Nord\",\"description\":\"\",\"publisher\":{\"@id\":\"https:\/\/vaillancourtea.com\/#organization\"},\"potentialAction\":[{\"@type\":\"SearchAction\",\"target\":{\"@type\":\"EntryPoint\",\"urlTemplate\":\"https:\/\/vaillancourtea.com\/?s={search_term_string}\"},\"query-input\":{\"@type\":\"PropertyValueSpecification\",\"valueRequired\":true,\"valueName\":\"search_term_string\"}}],\"inLanguage\":\"en-US\"},{\"@type\":\"Organization\",\"@id\":\"https:\/\/vaillancourtea.com\/#organization\",\"name\":\"Chantal Vaillancourt, Courtier immobilier r\u00e9sidentiel\",\"url\":\"https:\/\/vaillancourtea.com\/\",\"logo\":{\"@type\":\"ImageObject\",\"inLanguage\":\"en-US\",\"@id\":\"https:\/\/vaillancourtea.com\/#\/schema\/logo\/image\/\",\"url\":\"https:\/\/vaillancourtea.com\/files\/2018\/11\/RP_Logo.png\",\"contentUrl\":\"https:\/\/vaillancourtea.com\/files\/2018\/11\/RP_Logo.png\",\"width\":168,\"height\":63,\"caption\":\"Chantal Vaillancourt, Courtier immobilier r\u00e9sidentiel\"},\"image\":{\"@id\":\"https:\/\/vaillancourtea.com\/#\/schema\/logo\/image\/\"}}]}<\/script>\n<!-- \/ Yoast SEO plugin. -->","yoast_head_json":{"title":"Maisons \u00e0 vendre | Alerte immobili\u00e8re | Vaillancourt et Ass.","description":"Alerte immobili\u00e8re pour les nouvelles inscriptions de maisons \u00e0 vendre par Vaillancourt et Associ\u00e9s Laval-Ouest, Fabreville et Saint-Eustache. : 450-314-1992.","robots":{"index":"index","follow":"follow","max-snippet":"max-snippet:-1","max-image-preview":"max-image-preview:large","max-video-preview":"max-video-preview:-1"},"canonical":"https:\/\/vaillancourtea.com\/outils\/alerte-immobiliere\/","og_locale":"en_US","og_type":"article","og_title":"Maisons \u00e0 vendre | Alerte immobili\u00e8re | Vaillancourt et Ass.","og_description":"Alerte immobili\u00e8re pour les nouvelles inscriptions de maisons \u00e0 vendre par Vaillancourt et Associ\u00e9s Laval-Ouest, Fabreville et Saint-Eustache. : 450-314-1992.","og_url":"https:\/\/vaillancourtea.com\/outils\/alerte-immobiliere\/","og_site_name":"Vaillancourt et Ass. | Courtier immobilier Laval - Rive-Nord","article_modified_time":"2020-04-11T20:09:03+00:00","twitter_card":"summary_large_image","twitter_misc":{"Est. reading time":"1 minute"},"schema":{"@context":"https:\/\/schema.org","@graph":[{"@type":"WebPage","@id":"https:\/\/vaillancourtea.com\/outils\/alerte-immobiliere\/","url":"https:\/\/vaillancourtea.com\/outils\/alerte-immobiliere\/","name":"Maisons \u00e0 vendre | Alerte immobili\u00e8re | Vaillancourt et Ass.","isPartOf":{"@id":"https:\/\/vaillancourtea.com\/#website"},"datePublished":"2013-10-24T19:21:07+00:00","dateModified":"2020-04-11T20:09:03+00:00","description":"Alerte immobili\u00e8re pour les nouvelles inscriptions de maisons \u00e0 vendre par Vaillancourt et Associ\u00e9s Laval-Ouest, Fabreville et Saint-Eustache. : 450-314-1992.","breadcrumb":{"@id":"https:\/\/vaillancourtea.com\/outils\/alerte-immobiliere\/#breadcrumb"},"inLanguage":"en-US","potentialAction":[{"@type":"ReadAction","target":["https:\/\/vaillancourtea.com\/outils\/alerte-immobiliere\/"]}]},{"@type":"BreadcrumbList","@id":"https:\/\/vaillancourtea.com\/outils\/alerte-immobiliere\/#breadcrumb","itemListElement":[{"@type":"ListItem","position":1,"name":"Accueil","item":"https:\/\/vaillancourtea.com\/"},{"@type":"ListItem","position":2,"name":"Outils","item":"https:\/\/vaillancourtea.com\/outils\/"},{"@type":"ListItem","position":3,"name":"Alerte immobili\u00e8re"}]},{"@type":"WebSite","@id":"https:\/\/vaillancourtea.com\/#website","url":"https:\/\/vaillancourtea.com\/","name":"Vaillancourt et Ass. | Courtier immobilier Laval - Rive-Nord","description":"","publisher":{"@id":"https:\/\/vaillancourtea.com\/#organization"},"potentialAction":[{"@type":"SearchAction","target":{"@type":"EntryPoint","urlTemplate":"https:\/\/vaillancourtea.com\/?s={search_term_string}"},"query-input":{"@type":"PropertyValueSpecification","valueRequired":true,"valueName":"search_term_string"}}],"inLanguage":"en-US"},{"@type":"Organization","@id":"https:\/\/vaillancourtea.com\/#organization","name":"Chantal Vaillancourt, Courtier immobilier r\u00e9sidentiel","url":"https:\/\/vaillancourtea.com\/","logo":{"@type":"ImageObject","inLanguage":"en-US","@id":"https:\/\/vaillancourtea.com\/#\/schema\/logo\/image\/","url":"https:\/\/vaillancourtea.com\/files\/2018\/11\/RP_Logo.png","contentUrl":"https:\/\/vaillancourtea.com\/files\/2018\/11\/RP_Logo.png","width":168,"height":63,"caption":"Chantal Vaillancourt, Courtier immobilier r\u00e9sidentiel"},"image":{"@id":"https:\/\/vaillancourtea.com\/#\/schema\/logo\/image\/"}}]}},"_links":{"self":[{"href":"https:\/\/vaillancourtea.com\/en\/wp-json\/wp\/v2\/pages\/446","targetHints":{"allow":["GET"]}}],"collection":[{"href":"https:\/\/vaillancourtea.com\/en\/wp-json\/wp\/v2\/pages"}],"about":[{"href":"https:\/\/vaillancourtea.com\/en\/wp-json\/wp\/v2\/types\/page"}],"author":[{"embeddable":true,"href":"https:\/\/vaillancourtea.com\/en\/wp-json\/wp\/v2\/users\/121"}],"replies":[{"embeddable":true,"href":"https:\/\/vaillancourtea.com\/en\/wp-json\/wp\/v2\/comments?post=446"}],"version-history":[{"count":2,"href":"https:\/\/vaillancourtea.com\/en\/wp-json\/wp\/v2\/pages\/446\/revisions"}],"predecessor-version":[{"id":3494,"href":"https:\/\/vaillancourtea.com\/en\/wp-json\/wp\/v2\/pages\/446\/revisions\/3494"}],"up":[{"embeddable":true,"href":"https:\/\/vaillancourtea.com\/en\/wp-json\/wp\/v2\/pages\/226"}],"wp:attachment":[{"href":"https:\/\/vaillancourtea.com\/en\/wp-json\/wp\/v2\/media?parent=446"}],"curies":[{"name":"wp","href":"https:\/\/api.w.org\/{rel}","templated":true}]}}

<!-- This site is optimized with the Yoast SEO plugin v26.7 - https://yoast.com/wordpress/plugins/seo/ -->
<title>Maisons à vendre | Alerte immobilière | Vaillancourt et Ass.</title>
<meta name="description" content="Alerte immobilière pour les nouvelles inscriptions de maisons à vendre par Vaillancourt et Associés Laval-Ouest, Fabreville et Saint-Eustache. : 450-314-1992." />
<meta name="robots" content="index, follow, max-snippet:-1, max-image-preview:large, max-video-preview:-1" />
<link rel="canonical" href="https://vaillancourtea.com/outils/alerte-immobiliere/" />
<meta property="og:locale" content="en_US" />
<meta property="og:type" content="article" />
<meta property="og:title" content="Maisons à vendre | Alerte immobilière | Vaillancourt et Ass." />
<meta property="og:description" content="Alerte immobilière pour les nouvelles inscriptions de maisons à vendre par Vaillancourt et Associés Laval-Ouest, Fabreville et Saint-Eustache. : 450-314-1992." />
<meta property="og:url" content="https://vaillancourtea.com/outils/alerte-immobiliere/" />
<meta property="og:site_name" content="Vaillancourt et Ass. | Courtier immobilier Laval - Rive-Nord" />
<meta property="article:modified_time" content="2020-04-11T20:09:03+00:00" />
<meta name="twitter:card" content="summary_large_image" />
<meta name="twitter:label1" content="Est. reading time" />
	<meta name="twitter:data1" content="1 minute" />
<script type="application/ld+json" class="yoast-schema-graph">{"@context":"https://schema.org","@graph":[{"@type":"WebPage","@id":"https://vaillancourtea.com/outils/alerte-immobiliere/","url":"https://vaillancourtea.com/outils/alerte-immobiliere/","name":"Maisons à vendre | Alerte immobilière | Vaillancourt et Ass.","isPartOf":{"@id":"https://vaillancourtea.com/#website"},"datePublished":"2013-10-24T19:21:07+00:00","dateModified":"2020-04-11T20:09:03+00:00","description":"Alerte immobilière pour les nouvelles inscriptions de maisons à vendre par Vaillancourt et Associés Laval-Ouest, Fabreville et Saint-Eustache. : 450-314-1992.","breadcrumb":{"@id":"https://vaillancourtea.com/outils/alerte-immobiliere/#breadcrumb"},"inLanguage":"en-US","potentialAction":[{"@type":"ReadAction","target":["https://vaillancourtea.com/outils/alerte-immobiliere/"]}]},{"@type":"BreadcrumbList","@id":"https://vaillancourtea.com/outils/alerte-immobiliere/#breadcrumb","itemListElement":[{"@type":"ListItem","position":1,"name":"Accueil","item":"https://vaillancourtea.com/"},{"@type":"ListItem","position":2,"name":"Outils","item":"https://vaillancourtea.com/outils/"},{"@type":"ListItem","position":3,"name":"Alerte immobilière"}]},{"@type":"WebSite","@id":"https://vaillancourtea.com/#website","url":"https://vaillancourtea.com/","name":"Vaillancourt et Ass. | Courtier immobilier Laval - Rive-Nord","description":"","publisher":{"@id":"https://vaillancourtea.com/#organization"},"potentialAction":[{"@type":"SearchAction","target":{"@type":"EntryPoint","urlTemplate":"https://vaillancourtea.com/?s={search_term_string}"},"query-input":{"@type":"PropertyValueSpecification","valueRequired":true,"valueName":"search_term_string"}}],"inLanguage":"en-US"},{"@type":"Organization","@id":"https://vaillancourtea.com/#organization","name":"Chantal Vaillancourt, Courtier immobilier résidentiel","url":"https://vaillancourtea.com/","logo":{"@type":"ImageObject","inLanguage":"en-US","@id":"https://vaillancourtea.com/#/schema/logo/image/","url":"https://vaillancourtea.com/files/2018/11/RP_Logo.png","contentUrl":"https://vaillancourtea.com/files/2018/11/RP_Logo.png","width":168,"height":63,"caption":"Chantal Vaillancourt, Courtier immobilier résidentiel"},"image":{"@id":"https://vaillancourtea.com/#/schema/logo/image/"}}]}</script>
<!-- / Yoast SEO plugin. -->

Maisons à vendre | Alerte immobilière | Vaillancourt et Ass.

Alerte immobilière pour les nouvelles inscriptions de maisons à vendre par Vaillancourt et Associés Laval-Ouest, Fabreville et Saint-Eustache. : 450-314-1992.

Alerte immobilière

Chantal Vaillancourt, Courtier immobilier résidentiel
