{"id":6086,"date":"2023-07-02T18:15:49","date_gmt":"2023-07-02T22:15:49","guid":{"rendered":"https:\/\/vaillancourtea.com\/files\/2023\/07\/jumelesteustache.png"},"modified":"2023-07-02T18:15:49","modified_gmt":"2023-07-02T22:15:49","slug":"jumelesteustache","status":"inherit","type":"attachment","link":"https:\/\/vaillancourtea.com\/en\/proprietes-par-region\/saint-eustache\/combien-coute-une-maison-a-saint-eustache\/attachment\/jumelesteustache\/","title":{"rendered":"jumelesteustache"},"author":1091,"featured_media":0,"comment_status":"open","ping_status":"closed","template":"","meta":{"_acf_changed":false},"class_list":["post-6086","attachment","type-attachment","status-inherit","hentry"],"acf":[],"yoast_head":"<!-- This site is optimized with the Yoast SEO plugin v26.7 - https:\/\/yoast.com\/wordpress\/plugins\/seo\/ -->\n<title>jumelesteustache | Vaillancourt et Ass. | Courtier immobilier Laval - Rive-Nord<\/title>\n<meta name=\"robots\" content=\"index, follow, max-snippet:-1, max-image-preview:large, max-video-preview:-1\" \/>\n<link rel=\"canonical\" href=\"https:\/\/vaillancourtea.com\/files\/2023\/07\/jumelesteustache.png\" \/>\n<meta property=\"og:locale\" content=\"en_US\" \/>\n<meta property=\"og:type\" content=\"article\" \/>\n<meta property=\"og:title\" content=\"jumelesteustache | Vaillancourt et Ass. | Courtier immobilier Laval - Rive-Nord\" \/>\n<meta property=\"og:url\" content=\"https:\/\/vaillancourtea.com\/files\/2023\/07\/jumelesteustache.png\" \/>\n<meta property=\"og:site_name\" content=\"Vaillancourt et Ass. | Courtier immobilier Laval - Rive-Nord\" \/>\n<meta property=\"og:image\" content=\"https:\/\/vaillancourtea.com\/files\/2023\/07\/jumelesteustache.png\" \/>\n<meta name=\"twitter:card\" content=\"summary_large_image\" \/>\n<meta name=\"twitter:image\" content=\"https:\/\/vaillancourtea.com\/files\/2023\/07\/jumelesteustache.png\" \/>\n<script type=\"application\/ld+json\" class=\"yoast-schema-graph\">{\"@context\":\"https:\/\/schema.org\",\"@graph\":[{\"@type\":\"WebPage\",\"@id\":\"https:\/\/vaillancourtea.com\/files\/2023\/07\/jumelesteustache.png\",\"url\":\"https:\/\/vaillancourtea.com\/files\/2023\/07\/jumelesteustache.png\",\"name\":\"jumelesteustache | Vaillancourt et Ass. | Courtier immobilier Laval - Rive-Nord\",\"isPartOf\":{\"@id\":\"https:\/\/vaillancourtea.com\/#website\"},\"datePublished\":\"2023-07-02T22:15:49+00:00\",\"breadcrumb\":{\"@id\":\"https:\/\/vaillancourtea.com\/files\/2023\/07\/jumelesteustache.png#breadcrumb\"},\"inLanguage\":\"en-US\",\"potentialAction\":[{\"@type\":\"ReadAction\",\"target\":[\"https:\/\/vaillancourtea.com\/files\/2023\/07\/jumelesteustache.png\"]}]},{\"@type\":\"BreadcrumbList\",\"@id\":\"https:\/\/vaillancourtea.com\/files\/2023\/07\/jumelesteustache.png#breadcrumb\",\"itemListElement\":[{\"@type\":\"ListItem\",\"position\":1,\"name\":\"Accueil\",\"item\":\"https:\/\/vaillancourtea.com\/\"},{\"@type\":\"ListItem\",\"position\":2,\"name\":\"Propri\u00e9t\u00e9s par r\u00e9gion\",\"item\":\"https:\/\/vaillancourtea.com\/proprietes-par-region\/\"},{\"@type\":\"ListItem\",\"position\":3,\"name\":\"Saint-Eustache\",\"item\":\"https:\/\/vaillancourtea.com\/proprietes-par-region\/saint-eustache\/\"},{\"@type\":\"ListItem\",\"position\":4,\"name\":\"Combien coute une maison \u00e0 Saint-Eustache ? (2023)\",\"item\":\"https:\/\/vaillancourtea.com\/proprietes-par-region\/saint-eustache\/combien-coute-une-maison-a-saint-eustache\/\"},{\"@type\":\"ListItem\",\"position\":5,\"name\":\"jumelesteustache\"}]},{\"@type\":\"WebSite\",\"@id\":\"https:\/\/vaillancourtea.com\/#website\",\"url\":\"https:\/\/vaillancourtea.com\/\",\"name\":\"Vaillancourt et Ass. | Courtier immobilier Laval - Rive-Nord\",\"description\":\"\",\"publisher\":{\"@id\":\"https:\/\/vaillancourtea.com\/#organization\"},\"potentialAction\":[{\"@type\":\"SearchAction\",\"target\":{\"@type\":\"EntryPoint\",\"urlTemplate\":\"https:\/\/vaillancourtea.com\/?s={search_term_string}\"},\"query-input\":{\"@type\":\"PropertyValueSpecification\",\"valueRequired\":true,\"valueName\":\"search_term_string\"}}],\"inLanguage\":\"en-US\"},{\"@type\":\"Organization\",\"@id\":\"https:\/\/vaillancourtea.com\/#organization\",\"name\":\"Chantal Vaillancourt, Courtier immobilier r\u00e9sidentiel\",\"url\":\"https:\/\/vaillancourtea.com\/\",\"logo\":{\"@type\":\"ImageObject\",\"inLanguage\":\"en-US\",\"@id\":\"https:\/\/vaillancourtea.com\/#\/schema\/logo\/image\/\",\"url\":\"https:\/\/vaillancourtea.com\/files\/2018\/11\/RP_Logo.png\",\"contentUrl\":\"https:\/\/vaillancourtea.com\/files\/2018\/11\/RP_Logo.png\",\"width\":168,\"height\":63,\"caption\":\"Chantal Vaillancourt, Courtier immobilier r\u00e9sidentiel\"},\"image\":{\"@id\":\"https:\/\/vaillancourtea.com\/#\/schema\/logo\/image\/\"}}]}<\/script>\n<!-- \/ Yoast SEO plugin. -->","yoast_head_json":{"title":"jumelesteustache | Vaillancourt et Ass. | Courtier immobilier Laval - Rive-Nord","robots":{"index":"index","follow":"follow","max-snippet":"max-snippet:-1","max-image-preview":"max-image-preview:large","max-video-preview":"max-video-preview:-1"},"canonical":"https:\/\/vaillancourtea.com\/files\/2023\/07\/jumelesteustache.png","og_locale":"en_US","og_type":"article","og_title":"jumelesteustache | Vaillancourt et Ass. | Courtier immobilier Laval - Rive-Nord","og_url":"https:\/\/vaillancourtea.com\/files\/2023\/07\/jumelesteustache.png","og_site_name":"Vaillancourt et Ass. | Courtier immobilier Laval - Rive-Nord","og_image":[{"url":"https:\/\/vaillancourtea.com\/files\/2023\/07\/jumelesteustache.png","type":"","width":"","height":""}],"twitter_card":"summary_large_image","twitter_image":"https:\/\/vaillancourtea.com\/files\/2023\/07\/jumelesteustache.png","schema":{"@context":"https:\/\/schema.org","@graph":[{"@type":"WebPage","@id":"https:\/\/vaillancourtea.com\/files\/2023\/07\/jumelesteustache.png","url":"https:\/\/vaillancourtea.com\/files\/2023\/07\/jumelesteustache.png","name":"jumelesteustache | Vaillancourt et Ass. | Courtier immobilier Laval - Rive-Nord","isPartOf":{"@id":"https:\/\/vaillancourtea.com\/#website"},"datePublished":"2023-07-02T22:15:49+00:00","breadcrumb":{"@id":"https:\/\/vaillancourtea.com\/files\/2023\/07\/jumelesteustache.png#breadcrumb"},"inLanguage":"en-US","potentialAction":[{"@type":"ReadAction","target":["https:\/\/vaillancourtea.com\/files\/2023\/07\/jumelesteustache.png"]}]},{"@type":"BreadcrumbList","@id":"https:\/\/vaillancourtea.com\/files\/2023\/07\/jumelesteustache.png#breadcrumb","itemListElement":[{"@type":"ListItem","position":1,"name":"Accueil","item":"https:\/\/vaillancourtea.com\/"},{"@type":"ListItem","position":2,"name":"Propri\u00e9t\u00e9s par r\u00e9gion","item":"https:\/\/vaillancourtea.com\/proprietes-par-region\/"},{"@type":"ListItem","position":3,"name":"Saint-Eustache","item":"https:\/\/vaillancourtea.com\/proprietes-par-region\/saint-eustache\/"},{"@type":"ListItem","position":4,"name":"Combien coute une maison \u00e0 Saint-Eustache ? (2023)","item":"https:\/\/vaillancourtea.com\/proprietes-par-region\/saint-eustache\/combien-coute-une-maison-a-saint-eustache\/"},{"@type":"ListItem","position":5,"name":"jumelesteustache"}]},{"@type":"WebSite","@id":"https:\/\/vaillancourtea.com\/#website","url":"https:\/\/vaillancourtea.com\/","name":"Vaillancourt et Ass. | Courtier immobilier Laval - Rive-Nord","description":"","publisher":{"@id":"https:\/\/vaillancourtea.com\/#organization"},"potentialAction":[{"@type":"SearchAction","target":{"@type":"EntryPoint","urlTemplate":"https:\/\/vaillancourtea.com\/?s={search_term_string}"},"query-input":{"@type":"PropertyValueSpecification","valueRequired":true,"valueName":"search_term_string"}}],"inLanguage":"en-US"},{"@type":"Organization","@id":"https:\/\/vaillancourtea.com\/#organization","name":"Chantal Vaillancourt, Courtier immobilier r\u00e9sidentiel","url":"https:\/\/vaillancourtea.com\/","logo":{"@type":"ImageObject","inLanguage":"en-US","@id":"https:\/\/vaillancourtea.com\/#\/schema\/logo\/image\/","url":"https:\/\/vaillancourtea.com\/files\/2018\/11\/RP_Logo.png","contentUrl":"https:\/\/vaillancourtea.com\/files\/2018\/11\/RP_Logo.png","width":168,"height":63,"caption":"Chantal Vaillancourt, Courtier immobilier r\u00e9sidentiel"},"image":{"@id":"https:\/\/vaillancourtea.com\/#\/schema\/logo\/image\/"}}]}},"description":{"rendered":"<p class=\"attachment\"><a href='https:\/\/vaillancourtea.com\/files\/2023\/07\/jumelesteustache.png'><img loading=\"lazy\" decoding=\"async\" width=\"300\" height=\"155\" src=\"https:\/\/vaillancourtea.com\/files\/2023\/07\/jumelesteustache-300x155.png\" class=\"attachment-medium size-medium\" alt=\"\" srcset=\"https:\/\/vaillancourtea.com\/files\/2023\/07\/jumelesteustache-300x155.png 300w, https:\/\/vaillancourtea.com\/files\/2023\/07\/jumelesteustache-1024x530.png 1024w, https:\/\/vaillancourtea.com\/files\/2023\/07\/jumelesteustache-768x397.png 768w, https:\/\/vaillancourtea.com\/files\/2023\/07\/jumelesteustache.png 1063w\" sizes=\"auto, (max-width: 300px) 100vw, 300px\" \/><\/a><\/p>\n"},"caption":{"rendered":""},"alt_text":"","media_type":"image","mime_type":"image\/png","media_details":{"width":1063,"height":550,"file":"2023\/07\/jumelesteustache.png","sizes":{"medium":{"file":"jumelesteustache-300x155.png","width":300,"height":155,"mime_type":"image\/png","source_url":"https:\/\/vaillancourtea.com\/files\/2023\/07\/jumelesteustache-300x155.png"},"large":{"file":"jumelesteustache-1024x530.png","width":1024,"height":530,"mime_type":"image\/png","source_url":"https:\/\/vaillancourtea.com\/files\/2023\/07\/jumelesteustache-1024x530.png"},"thumbnail":{"file":"jumelesteustache-150x150.png","width":150,"height":150,"mime_type":"image\/png","source_url":"https:\/\/vaillancourtea.com\/files\/2023\/07\/jumelesteustache-150x150.png"},"medium_large":{"file":"jumelesteustache-768x397.png","width":768,"height":397,"mime_type":"image\/png","source_url":"https:\/\/vaillancourtea.com\/files\/2023\/07\/jumelesteustache-768x397.png"},"full":{"file":"jumelesteustache.png","width":1063,"height":550,"mime_type":"image\/png","source_url":"https:\/\/vaillancourtea.com\/files\/2023\/07\/jumelesteustache.png"}},"image_meta":{"aperture":"0","credit":"","camera":"","caption":"","created_timestamp":"0","copyright":"","focal_length":"0","iso":"0","shutter_speed":"0","title":"","orientation":"0","keywords":[]}},"post":6079,"source_url":"https:\/\/vaillancourtea.com\/files\/2023\/07\/jumelesteustache.png","_links":{"self":[{"href":"https:\/\/vaillancourtea.com\/en\/wp-json\/wp\/v2\/media\/6086","targetHints":{"allow":["GET"]}}],"collection":[{"href":"https:\/\/vaillancourtea.com\/en\/wp-json\/wp\/v2\/media"}],"about":[{"href":"https:\/\/vaillancourtea.com\/en\/wp-json\/wp\/v2\/types\/attachment"}],"author":[{"embeddable":true,"href":"https:\/\/vaillancourtea.com\/en\/wp-json\/wp\/v2\/users\/1091"}],"replies":[{"embeddable":true,"href":"https:\/\/vaillancourtea.com\/en\/wp-json\/wp\/v2\/comments?post=6086"}],"wp:attached-to":[{"embeddable":true,"post_type":"page","id":6079,"href":"https:\/\/vaillancourtea.com\/en\/wp-json\/wp\/v2\/pages\/6079"}],"curies":[{"name":"wp","href":"https:\/\/api.w.org\/{rel}","templated":true}]}}

<!-- This site is optimized with the Yoast SEO plugin v26.7 - https://yoast.com/wordpress/plugins/seo/ -->
<title>jumelesteustache | Vaillancourt et Ass. | Courtier immobilier Laval - Rive-Nord</title>
<meta name="robots" content="index, follow, max-snippet:-1, max-image-preview:large, max-video-preview:-1" />
<link rel="canonical" href="https://vaillancourtea.com/files/2023/07/jumelesteustache.png" />
<meta property="og:locale" content="en_US" />
<meta property="og:type" content="article" />
<meta property="og:title" content="jumelesteustache | Vaillancourt et Ass. | Courtier immobilier Laval - Rive-Nord" />
<meta property="og:url" content="https://vaillancourtea.com/files/2023/07/jumelesteustache.png" />
<meta property="og:site_name" content="Vaillancourt et Ass. | Courtier immobilier Laval - Rive-Nord" />
<meta property="og:image" content="https://vaillancourtea.com/files/2023/07/jumelesteustache.png" />
<meta name="twitter:card" content="summary_large_image" />
<meta name="twitter:image" content="https://vaillancourtea.com/files/2023/07/jumelesteustache.png" />
<script type="application/ld+json" class="yoast-schema-graph">{"@context":"https://schema.org","@graph":[{"@type":"WebPage","@id":"https://vaillancourtea.com/files/2023/07/jumelesteustache.png","url":"https://vaillancourtea.com/files/2023/07/jumelesteustache.png","name":"jumelesteustache | Vaillancourt et Ass. | Courtier immobilier Laval - Rive-Nord","isPartOf":{"@id":"https://vaillancourtea.com/#website"},"datePublished":"2023-07-02T22:15:49+00:00","breadcrumb":{"@id":"https://vaillancourtea.com/files/2023/07/jumelesteustache.png#breadcrumb"},"inLanguage":"en-US","potentialAction":[{"@type":"ReadAction","target":["https://vaillancourtea.com/files/2023/07/jumelesteustache.png"]}]},{"@type":"BreadcrumbList","@id":"https://vaillancourtea.com/files/2023/07/jumelesteustache.png#breadcrumb","itemListElement":[{"@type":"ListItem","position":1,"name":"Accueil","item":"https://vaillancourtea.com/"},{"@type":"ListItem","position":2,"name":"Propriétés par région","item":"https://vaillancourtea.com/proprietes-par-region/"},{"@type":"ListItem","position":3,"name":"Saint-Eustache","item":"https://vaillancourtea.com/proprietes-par-region/saint-eustache/"},{"@type":"ListItem","position":4,"name":"Combien coute une maison à Saint-Eustache ? (2023)","item":"https://vaillancourtea.com/proprietes-par-region/saint-eustache/combien-coute-une-maison-a-saint-eustache/"},{"@type":"ListItem","position":5,"name":"jumelesteustache"}]},{"@type":"WebSite","@id":"https://vaillancourtea.com/#website","url":"https://vaillancourtea.com/","name":"Vaillancourt et Ass. | Courtier immobilier Laval - Rive-Nord","description":"","publisher":{"@id":"https://vaillancourtea.com/#organization"},"potentialAction":[{"@type":"SearchAction","target":{"@type":"EntryPoint","urlTemplate":"https://vaillancourtea.com/?s={search_term_string}"},"query-input":{"@type":"PropertyValueSpecification","valueRequired":true,"valueName":"search_term_string"}}],"inLanguage":"en-US"},{"@type":"Organization","@id":"https://vaillancourtea.com/#organization","name":"Chantal Vaillancourt, Courtier immobilier résidentiel","url":"https://vaillancourtea.com/","logo":{"@type":"ImageObject","inLanguage":"en-US","@id":"https://vaillancourtea.com/#/schema/logo/image/","url":"https://vaillancourtea.com/files/2018/11/RP_Logo.png","contentUrl":"https://vaillancourtea.com/files/2018/11/RP_Logo.png","width":168,"height":63,"caption":"Chantal Vaillancourt, Courtier immobilier résidentiel"},"image":{"@id":"https://vaillancourtea.com/#/schema/logo/image/"}}]}</script>
<!-- / Yoast SEO plugin. -->

Propriétés par région

Combien coute une maison à Saint-Eustache ? (2023)

Chantal Vaillancourt, Courtier immobilier résidentiel
