{"id":5987,"date":"2023-06-26T14:55:24","date_gmt":"2023-06-26T18:55:24","guid":{"rendered":"https:\/\/vaillancourtea.com\/files\/2023\/06\/stEustacheSmall.jpg"},"modified":"2023-11-09T11:46:06","modified_gmt":"2023-11-09T16:46:06","slug":"steustachesmall","status":"inherit","type":"attachment","link":"https:\/\/vaillancourtea.com\/en\/proprietes-par-region\/saint-eustache\/attachment\/steustachesmall\/","title":{"rendered":"stEustacheSmall"},"author":1091,"featured_media":0,"comment_status":"open","ping_status":"closed","template":"","meta":{"_acf_changed":false},"class_list":["post-5987","attachment","type-attachment","status-inherit","hentry"],"acf":[],"yoast_head":"<!-- This site is optimized with the Yoast SEO plugin v26.7 - https:\/\/yoast.com\/wordpress\/plugins\/seo\/ -->\n<title>stEustacheSmall | Vaillancourt et Ass. | Courtier immobilier Laval - Rive-Nord<\/title>\n<meta name=\"robots\" content=\"index, follow, max-snippet:-1, max-image-preview:large, max-video-preview:-1\" \/>\n<link rel=\"canonical\" href=\"https:\/\/vaillancourtea.com\/files\/2023\/06\/stEustacheSmall.jpg\" \/>\n<meta property=\"og:locale\" content=\"en_US\" \/>\n<meta property=\"og:type\" content=\"article\" \/>\n<meta property=\"og:title\" content=\"stEustacheSmall | Vaillancourt et Ass. | Courtier immobilier Laval - Rive-Nord\" \/>\n<meta property=\"og:url\" content=\"https:\/\/vaillancourtea.com\/files\/2023\/06\/stEustacheSmall.jpg\" \/>\n<meta property=\"og:site_name\" content=\"Vaillancourt et Ass. | Courtier immobilier Laval - Rive-Nord\" \/>\n<meta property=\"article:modified_time\" content=\"2023-11-09T16:46:06+00:00\" \/>\n<meta property=\"og:image\" content=\"https:\/\/vaillancourtea.com\/files\/2023\/06\/stEustacheSmall.jpg\" \/>\n<meta name=\"twitter:card\" content=\"summary_large_image\" \/>\n<meta name=\"twitter:image\" content=\"https:\/\/vaillancourtea.com\/files\/2023\/06\/stEustacheSmall.jpg\" \/>\n<script type=\"application\/ld+json\" class=\"yoast-schema-graph\">{\"@context\":\"https:\/\/schema.org\",\"@graph\":[{\"@type\":\"WebPage\",\"@id\":\"https:\/\/vaillancourtea.com\/files\/2023\/06\/stEustacheSmall.jpg\",\"url\":\"https:\/\/vaillancourtea.com\/files\/2023\/06\/stEustacheSmall.jpg\",\"name\":\"stEustacheSmall | Vaillancourt et Ass. | Courtier immobilier Laval - Rive-Nord\",\"isPartOf\":{\"@id\":\"https:\/\/vaillancourtea.com\/#website\"},\"datePublished\":\"2023-06-26T18:55:24+00:00\",\"dateModified\":\"2023-11-09T16:46:06+00:00\",\"breadcrumb\":{\"@id\":\"https:\/\/vaillancourtea.com\/files\/2023\/06\/stEustacheSmall.jpg#breadcrumb\"},\"inLanguage\":\"en-US\",\"potentialAction\":[{\"@type\":\"ReadAction\",\"target\":[\"https:\/\/vaillancourtea.com\/files\/2023\/06\/stEustacheSmall.jpg\"]}]},{\"@type\":\"BreadcrumbList\",\"@id\":\"https:\/\/vaillancourtea.com\/files\/2023\/06\/stEustacheSmall.jpg#breadcrumb\",\"itemListElement\":[{\"@type\":\"ListItem\",\"position\":1,\"name\":\"Accueil\",\"item\":\"https:\/\/vaillancourtea.com\/\"},{\"@type\":\"ListItem\",\"position\":2,\"name\":\"Propri\u00e9t\u00e9s par r\u00e9gion\",\"item\":\"https:\/\/vaillancourtea.com\/proprietes-par-region\/\"},{\"@type\":\"ListItem\",\"position\":3,\"name\":\"Saint-Eustache\",\"item\":\"https:\/\/vaillancourtea.com\/proprietes-par-region\/saint-eustache\/\"},{\"@type\":\"ListItem\",\"position\":4,\"name\":\"stEustacheSmall\"}]},{\"@type\":\"WebSite\",\"@id\":\"https:\/\/vaillancourtea.com\/#website\",\"url\":\"https:\/\/vaillancourtea.com\/\",\"name\":\"Vaillancourt et Ass. | Courtier immobilier Laval - Rive-Nord\",\"description\":\"\",\"publisher\":{\"@id\":\"https:\/\/vaillancourtea.com\/#organization\"},\"potentialAction\":[{\"@type\":\"SearchAction\",\"target\":{\"@type\":\"EntryPoint\",\"urlTemplate\":\"https:\/\/vaillancourtea.com\/?s={search_term_string}\"},\"query-input\":{\"@type\":\"PropertyValueSpecification\",\"valueRequired\":true,\"valueName\":\"search_term_string\"}}],\"inLanguage\":\"en-US\"},{\"@type\":\"Organization\",\"@id\":\"https:\/\/vaillancourtea.com\/#organization\",\"name\":\"Chantal Vaillancourt, Courtier immobilier r\u00e9sidentiel\",\"url\":\"https:\/\/vaillancourtea.com\/\",\"logo\":{\"@type\":\"ImageObject\",\"inLanguage\":\"en-US\",\"@id\":\"https:\/\/vaillancourtea.com\/#\/schema\/logo\/image\/\",\"url\":\"https:\/\/vaillancourtea.com\/files\/2018\/11\/RP_Logo.png\",\"contentUrl\":\"https:\/\/vaillancourtea.com\/files\/2018\/11\/RP_Logo.png\",\"width\":168,\"height\":63,\"caption\":\"Chantal Vaillancourt, Courtier immobilier r\u00e9sidentiel\"},\"image\":{\"@id\":\"https:\/\/vaillancourtea.com\/#\/schema\/logo\/image\/\"}}]}<\/script>\n<!-- \/ Yoast SEO plugin. -->","yoast_head_json":{"title":"stEustacheSmall | Vaillancourt et Ass. | Courtier immobilier Laval - Rive-Nord","robots":{"index":"index","follow":"follow","max-snippet":"max-snippet:-1","max-image-preview":"max-image-preview:large","max-video-preview":"max-video-preview:-1"},"canonical":"https:\/\/vaillancourtea.com\/files\/2023\/06\/stEustacheSmall.jpg","og_locale":"en_US","og_type":"article","og_title":"stEustacheSmall | Vaillancourt et Ass. | Courtier immobilier Laval - Rive-Nord","og_url":"https:\/\/vaillancourtea.com\/files\/2023\/06\/stEustacheSmall.jpg","og_site_name":"Vaillancourt et Ass. | Courtier immobilier Laval - Rive-Nord","article_modified_time":"2023-11-09T16:46:06+00:00","og_image":[{"url":"https:\/\/vaillancourtea.com\/files\/2023\/06\/stEustacheSmall.jpg","type":"","width":"","height":""}],"twitter_card":"summary_large_image","twitter_image":"https:\/\/vaillancourtea.com\/files\/2023\/06\/stEustacheSmall.jpg","schema":{"@context":"https:\/\/schema.org","@graph":[{"@type":"WebPage","@id":"https:\/\/vaillancourtea.com\/files\/2023\/06\/stEustacheSmall.jpg","url":"https:\/\/vaillancourtea.com\/files\/2023\/06\/stEustacheSmall.jpg","name":"stEustacheSmall | Vaillancourt et Ass. | Courtier immobilier Laval - Rive-Nord","isPartOf":{"@id":"https:\/\/vaillancourtea.com\/#website"},"datePublished":"2023-06-26T18:55:24+00:00","dateModified":"2023-11-09T16:46:06+00:00","breadcrumb":{"@id":"https:\/\/vaillancourtea.com\/files\/2023\/06\/stEustacheSmall.jpg#breadcrumb"},"inLanguage":"en-US","potentialAction":[{"@type":"ReadAction","target":["https:\/\/vaillancourtea.com\/files\/2023\/06\/stEustacheSmall.jpg"]}]},{"@type":"BreadcrumbList","@id":"https:\/\/vaillancourtea.com\/files\/2023\/06\/stEustacheSmall.jpg#breadcrumb","itemListElement":[{"@type":"ListItem","position":1,"name":"Accueil","item":"https:\/\/vaillancourtea.com\/"},{"@type":"ListItem","position":2,"name":"Propri\u00e9t\u00e9s par r\u00e9gion","item":"https:\/\/vaillancourtea.com\/proprietes-par-region\/"},{"@type":"ListItem","position":3,"name":"Saint-Eustache","item":"https:\/\/vaillancourtea.com\/proprietes-par-region\/saint-eustache\/"},{"@type":"ListItem","position":4,"name":"stEustacheSmall"}]},{"@type":"WebSite","@id":"https:\/\/vaillancourtea.com\/#website","url":"https:\/\/vaillancourtea.com\/","name":"Vaillancourt et Ass. | Courtier immobilier Laval - Rive-Nord","description":"","publisher":{"@id":"https:\/\/vaillancourtea.com\/#organization"},"potentialAction":[{"@type":"SearchAction","target":{"@type":"EntryPoint","urlTemplate":"https:\/\/vaillancourtea.com\/?s={search_term_string}"},"query-input":{"@type":"PropertyValueSpecification","valueRequired":true,"valueName":"search_term_string"}}],"inLanguage":"en-US"},{"@type":"Organization","@id":"https:\/\/vaillancourtea.com\/#organization","name":"Chantal Vaillancourt, Courtier immobilier r\u00e9sidentiel","url":"https:\/\/vaillancourtea.com\/","logo":{"@type":"ImageObject","inLanguage":"en-US","@id":"https:\/\/vaillancourtea.com\/#\/schema\/logo\/image\/","url":"https:\/\/vaillancourtea.com\/files\/2018\/11\/RP_Logo.png","contentUrl":"https:\/\/vaillancourtea.com\/files\/2018\/11\/RP_Logo.png","width":168,"height":63,"caption":"Chantal Vaillancourt, Courtier immobilier r\u00e9sidentiel"},"image":{"@id":"https:\/\/vaillancourtea.com\/#\/schema\/logo\/image\/"}}]}},"description":{"rendered":"<p class=\"attachment\"><a href='https:\/\/vaillancourtea.com\/files\/2023\/06\/stEustacheSmall.jpg'><img loading=\"lazy\" decoding=\"async\" width=\"300\" height=\"200\" src=\"https:\/\/vaillancourtea.com\/files\/2023\/06\/stEustacheSmall-300x200.jpg\" class=\"attachment-medium size-medium\" alt=\"Courtier immobilier - real estate broker\" srcset=\"https:\/\/vaillancourtea.com\/files\/2023\/06\/stEustacheSmall-300x200.jpg 300w, https:\/\/vaillancourtea.com\/files\/2023\/06\/stEustacheSmall-1024x683.jpg 1024w, https:\/\/vaillancourtea.com\/files\/2023\/06\/stEustacheSmall-768x512.jpg 768w, https:\/\/vaillancourtea.com\/files\/2023\/06\/stEustacheSmall.jpg 1250w\" sizes=\"auto, (max-width: 300px) 100vw, 300px\" \/><\/a><\/p>\n"},"caption":{"rendered":""},"alt_text":"Courtier immobilier - real estate broker","media_type":"image","mime_type":"image\/jpeg","media_details":{"width":1250,"height":834,"file":"2023\/06\/stEustacheSmall.jpg","sizes":{"medium":{"file":"stEustacheSmall-300x200.jpg","width":300,"height":200,"mime_type":"image\/jpeg","source_url":"https:\/\/vaillancourtea.com\/files\/2023\/06\/stEustacheSmall-300x200.jpg"},"large":{"file":"stEustacheSmall-1024x683.jpg","width":1024,"height":683,"mime_type":"image\/jpeg","source_url":"https:\/\/vaillancourtea.com\/files\/2023\/06\/stEustacheSmall-1024x683.jpg"},"thumbnail":{"file":"stEustacheSmall-150x150.jpg","width":150,"height":150,"mime_type":"image\/jpeg","source_url":"https:\/\/vaillancourtea.com\/files\/2023\/06\/stEustacheSmall-150x150.jpg"},"medium_large":{"file":"stEustacheSmall-768x512.jpg","width":768,"height":512,"mime_type":"image\/jpeg","source_url":"https:\/\/vaillancourtea.com\/files\/2023\/06\/stEustacheSmall-768x512.jpg"},"full":{"file":"stEustacheSmall.jpg","width":1250,"height":834,"mime_type":"image\/jpeg","source_url":"https:\/\/vaillancourtea.com\/files\/2023\/06\/stEustacheSmall.jpg"}},"image_meta":{"aperture":"0","credit":"Simon de Bonnallie Brodeur, phot","camera":"","caption":"","created_timestamp":"1655314714","copyright":"@bonnalliebrodeur","focal_length":"0","iso":"0","shutter_speed":"0","title":"","orientation":"0","keywords":[]}},"post":3381,"source_url":"https:\/\/vaillancourtea.com\/files\/2023\/06\/stEustacheSmall.jpg","_links":{"self":[{"href":"https:\/\/vaillancourtea.com\/en\/wp-json\/wp\/v2\/media\/5987","targetHints":{"allow":["GET"]}}],"collection":[{"href":"https:\/\/vaillancourtea.com\/en\/wp-json\/wp\/v2\/media"}],"about":[{"href":"https:\/\/vaillancourtea.com\/en\/wp-json\/wp\/v2\/types\/attachment"}],"author":[{"embeddable":true,"href":"https:\/\/vaillancourtea.com\/en\/wp-json\/wp\/v2\/users\/1091"}],"replies":[{"embeddable":true,"href":"https:\/\/vaillancourtea.com\/en\/wp-json\/wp\/v2\/comments?post=5987"}],"wp:attached-to":[{"embeddable":true,"post_type":"page","id":3381,"href":"https:\/\/vaillancourtea.com\/en\/wp-json\/wp\/v2\/pages\/3381"}],"curies":[{"name":"wp","href":"https:\/\/api.w.org\/{rel}","templated":true}]}}

<!-- This site is optimized with the Yoast SEO plugin v26.7 - https://yoast.com/wordpress/plugins/seo/ -->
<title>stEustacheSmall | Vaillancourt et Ass. | Courtier immobilier Laval - Rive-Nord</title>
<meta name="robots" content="index, follow, max-snippet:-1, max-image-preview:large, max-video-preview:-1" />
<link rel="canonical" href="https://vaillancourtea.com/files/2023/06/stEustacheSmall.jpg" />
<meta property="og:locale" content="en_US" />
<meta property="og:type" content="article" />
<meta property="og:title" content="stEustacheSmall | Vaillancourt et Ass. | Courtier immobilier Laval - Rive-Nord" />
<meta property="og:url" content="https://vaillancourtea.com/files/2023/06/stEustacheSmall.jpg" />
<meta property="og:site_name" content="Vaillancourt et Ass. | Courtier immobilier Laval - Rive-Nord" />
<meta property="article:modified_time" content="2023-11-09T16:46:06+00:00" />
<meta property="og:image" content="https://vaillancourtea.com/files/2023/06/stEustacheSmall.jpg" />
<meta name="twitter:card" content="summary_large_image" />
<meta name="twitter:image" content="https://vaillancourtea.com/files/2023/06/stEustacheSmall.jpg" />
<script type="application/ld+json" class="yoast-schema-graph">{"@context":"https://schema.org","@graph":[{"@type":"WebPage","@id":"https://vaillancourtea.com/files/2023/06/stEustacheSmall.jpg","url":"https://vaillancourtea.com/files/2023/06/stEustacheSmall.jpg","name":"stEustacheSmall | Vaillancourt et Ass. | Courtier immobilier Laval - Rive-Nord","isPartOf":{"@id":"https://vaillancourtea.com/#website"},"datePublished":"2023-06-26T18:55:24+00:00","dateModified":"2023-11-09T16:46:06+00:00","breadcrumb":{"@id":"https://vaillancourtea.com/files/2023/06/stEustacheSmall.jpg#breadcrumb"},"inLanguage":"en-US","potentialAction":[{"@type":"ReadAction","target":["https://vaillancourtea.com/files/2023/06/stEustacheSmall.jpg"]}]},{"@type":"BreadcrumbList","@id":"https://vaillancourtea.com/files/2023/06/stEustacheSmall.jpg#breadcrumb","itemListElement":[{"@type":"ListItem","position":1,"name":"Accueil","item":"https://vaillancourtea.com/"},{"@type":"ListItem","position":2,"name":"Propriétés par région","item":"https://vaillancourtea.com/proprietes-par-region/"},{"@type":"ListItem","position":3,"name":"Saint-Eustache","item":"https://vaillancourtea.com/proprietes-par-region/saint-eustache/"},{"@type":"ListItem","position":4,"name":"stEustacheSmall"}]},{"@type":"WebSite","@id":"https://vaillancourtea.com/#website","url":"https://vaillancourtea.com/","name":"Vaillancourt et Ass. | Courtier immobilier Laval - Rive-Nord","description":"","publisher":{"@id":"https://vaillancourtea.com/#organization"},"potentialAction":[{"@type":"SearchAction","target":{"@type":"EntryPoint","urlTemplate":"https://vaillancourtea.com/?s={search_term_string}"},"query-input":{"@type":"PropertyValueSpecification","valueRequired":true,"valueName":"search_term_string"}}],"inLanguage":"en-US"},{"@type":"Organization","@id":"https://vaillancourtea.com/#organization","name":"Chantal Vaillancourt, Courtier immobilier résidentiel","url":"https://vaillancourtea.com/","logo":{"@type":"ImageObject","inLanguage":"en-US","@id":"https://vaillancourtea.com/#/schema/logo/image/","url":"https://vaillancourtea.com/files/2018/11/RP_Logo.png","contentUrl":"https://vaillancourtea.com/files/2018/11/RP_Logo.png","width":168,"height":63,"caption":"Chantal Vaillancourt, Courtier immobilier résidentiel"},"image":{"@id":"https://vaillancourtea.com/#/schema/logo/image/"}}]}</script>
<!-- / Yoast SEO plugin. -->

Propriétés par région

Chantal Vaillancourt, Courtier immobilier résidentiel
