{"id":4164,"date":"2021-03-24T18:48:42","date_gmt":"2021-03-24T22:48:42","guid":{"rendered":"https:\/\/vaillancourtea.com\/files\/2021\/02\/lartisan3.jpg"},"modified":"2021-03-24T18:49:12","modified_gmt":"2021-03-24T22:49:12","slug":"lartisan3","status":"inherit","type":"attachment","link":"https:\/\/vaillancourtea.com\/en\/immobilier\/3-facons-de-trouver-la-meilleure-residence-privee-pour-aines\/attachment\/lartisan3\/","title":{"rendered":"l&#8217;artisan3"},"author":1091,"featured_media":0,"comment_status":"open","ping_status":"closed","template":"","meta":{"_acf_changed":false},"class_list":["post-4164","attachment","type-attachment","status-inherit","hentry"],"acf":[],"yoast_head":"<!-- This site is optimized with the Yoast SEO plugin v26.7 - https:\/\/yoast.com\/wordpress\/plugins\/seo\/ -->\n<title>l&#039;artisan3 | Vaillancourt et Ass. | Courtier immobilier Laval - Rive-Nord<\/title>\n<meta name=\"robots\" content=\"index, follow, max-snippet:-1, max-image-preview:large, max-video-preview:-1\" \/>\n<link rel=\"canonical\" href=\"https:\/\/vaillancourtea.com\/files\/2021\/02\/lartisan3.jpg\" \/>\n<meta property=\"og:locale\" content=\"en_US\" \/>\n<meta property=\"og:type\" content=\"article\" \/>\n<meta property=\"og:title\" content=\"l&#039;artisan3 | Vaillancourt et Ass. | Courtier immobilier Laval - Rive-Nord\" \/>\n<meta property=\"og:url\" content=\"https:\/\/vaillancourtea.com\/files\/2021\/02\/lartisan3.jpg\" \/>\n<meta property=\"og:site_name\" content=\"Vaillancourt et Ass. | Courtier immobilier Laval - Rive-Nord\" \/>\n<meta property=\"article:modified_time\" content=\"2021-03-24T22:49:12+00:00\" \/>\n<meta property=\"og:image\" content=\"https:\/\/vaillancourtea.com\/files\/2021\/02\/lartisan3.jpg\" \/>\n<meta name=\"twitter:card\" content=\"summary_large_image\" \/>\n<meta name=\"twitter:image\" content=\"https:\/\/vaillancourtea.com\/files\/2021\/02\/lartisan3.jpg\" \/>\n<script type=\"application\/ld+json\" class=\"yoast-schema-graph\">{\"@context\":\"https:\/\/schema.org\",\"@graph\":[{\"@type\":\"WebPage\",\"@id\":\"https:\/\/vaillancourtea.com\/files\/2021\/02\/lartisan3.jpg\",\"url\":\"https:\/\/vaillancourtea.com\/files\/2021\/02\/lartisan3.jpg\",\"name\":\"l'artisan3 | Vaillancourt et Ass. | Courtier immobilier Laval - Rive-Nord\",\"isPartOf\":{\"@id\":\"https:\/\/vaillancourtea.com\/#website\"},\"datePublished\":\"2021-03-24T22:48:42+00:00\",\"dateModified\":\"2021-03-24T22:49:12+00:00\",\"breadcrumb\":{\"@id\":\"https:\/\/vaillancourtea.com\/files\/2021\/02\/lartisan3.jpg#breadcrumb\"},\"inLanguage\":\"en-US\",\"potentialAction\":[{\"@type\":\"ReadAction\",\"target\":[\"https:\/\/vaillancourtea.com\/files\/2021\/02\/lartisan3.jpg\"]}]},{\"@type\":\"BreadcrumbList\",\"@id\":\"https:\/\/vaillancourtea.com\/files\/2021\/02\/lartisan3.jpg#breadcrumb\",\"itemListElement\":[{\"@type\":\"ListItem\",\"position\":1,\"name\":\"Accueil\",\"item\":\"https:\/\/vaillancourtea.com\/\"},{\"@type\":\"ListItem\",\"position\":2,\"name\":\"3 fa\u00e7ons de trouver la meilleure r\u00e9sidence priv\u00e9e pour a\u00een\u00e9s\",\"item\":\"https:\/\/vaillancourtea.com\/immobilier\/3-facons-de-trouver-la-meilleure-residence-privee-pour-aines\/\"},{\"@type\":\"ListItem\",\"position\":3,\"name\":\"l&rsquo;artisan3\"}]},{\"@type\":\"WebSite\",\"@id\":\"https:\/\/vaillancourtea.com\/#website\",\"url\":\"https:\/\/vaillancourtea.com\/\",\"name\":\"Vaillancourt et Ass. | Courtier immobilier Laval - Rive-Nord\",\"description\":\"\",\"publisher\":{\"@id\":\"https:\/\/vaillancourtea.com\/#organization\"},\"potentialAction\":[{\"@type\":\"SearchAction\",\"target\":{\"@type\":\"EntryPoint\",\"urlTemplate\":\"https:\/\/vaillancourtea.com\/?s={search_term_string}\"},\"query-input\":{\"@type\":\"PropertyValueSpecification\",\"valueRequired\":true,\"valueName\":\"search_term_string\"}}],\"inLanguage\":\"en-US\"},{\"@type\":\"Organization\",\"@id\":\"https:\/\/vaillancourtea.com\/#organization\",\"name\":\"Chantal Vaillancourt, Courtier immobilier r\u00e9sidentiel\",\"url\":\"https:\/\/vaillancourtea.com\/\",\"logo\":{\"@type\":\"ImageObject\",\"inLanguage\":\"en-US\",\"@id\":\"https:\/\/vaillancourtea.com\/#\/schema\/logo\/image\/\",\"url\":\"https:\/\/vaillancourtea.com\/files\/2018\/11\/RP_Logo.png\",\"contentUrl\":\"https:\/\/vaillancourtea.com\/files\/2018\/11\/RP_Logo.png\",\"width\":168,\"height\":63,\"caption\":\"Chantal Vaillancourt, Courtier immobilier r\u00e9sidentiel\"},\"image\":{\"@id\":\"https:\/\/vaillancourtea.com\/#\/schema\/logo\/image\/\"}}]}<\/script>\n<!-- \/ Yoast SEO plugin. -->","yoast_head_json":{"title":"l'artisan3 | Vaillancourt et Ass. | Courtier immobilier Laval - Rive-Nord","robots":{"index":"index","follow":"follow","max-snippet":"max-snippet:-1","max-image-preview":"max-image-preview:large","max-video-preview":"max-video-preview:-1"},"canonical":"https:\/\/vaillancourtea.com\/files\/2021\/02\/lartisan3.jpg","og_locale":"en_US","og_type":"article","og_title":"l'artisan3 | Vaillancourt et Ass. | Courtier immobilier Laval - Rive-Nord","og_url":"https:\/\/vaillancourtea.com\/files\/2021\/02\/lartisan3.jpg","og_site_name":"Vaillancourt et Ass. | Courtier immobilier Laval - Rive-Nord","article_modified_time":"2021-03-24T22:49:12+00:00","og_image":[{"url":"https:\/\/vaillancourtea.com\/files\/2021\/02\/lartisan3.jpg","type":"","width":"","height":""}],"twitter_card":"summary_large_image","twitter_image":"https:\/\/vaillancourtea.com\/files\/2021\/02\/lartisan3.jpg","schema":{"@context":"https:\/\/schema.org","@graph":[{"@type":"WebPage","@id":"https:\/\/vaillancourtea.com\/files\/2021\/02\/lartisan3.jpg","url":"https:\/\/vaillancourtea.com\/files\/2021\/02\/lartisan3.jpg","name":"l'artisan3 | Vaillancourt et Ass. | Courtier immobilier Laval - Rive-Nord","isPartOf":{"@id":"https:\/\/vaillancourtea.com\/#website"},"datePublished":"2021-03-24T22:48:42+00:00","dateModified":"2021-03-24T22:49:12+00:00","breadcrumb":{"@id":"https:\/\/vaillancourtea.com\/files\/2021\/02\/lartisan3.jpg#breadcrumb"},"inLanguage":"en-US","potentialAction":[{"@type":"ReadAction","target":["https:\/\/vaillancourtea.com\/files\/2021\/02\/lartisan3.jpg"]}]},{"@type":"BreadcrumbList","@id":"https:\/\/vaillancourtea.com\/files\/2021\/02\/lartisan3.jpg#breadcrumb","itemListElement":[{"@type":"ListItem","position":1,"name":"Accueil","item":"https:\/\/vaillancourtea.com\/"},{"@type":"ListItem","position":2,"name":"3 fa\u00e7ons de trouver la meilleure r\u00e9sidence priv\u00e9e pour a\u00een\u00e9s","item":"https:\/\/vaillancourtea.com\/immobilier\/3-facons-de-trouver-la-meilleure-residence-privee-pour-aines\/"},{"@type":"ListItem","position":3,"name":"l&rsquo;artisan3"}]},{"@type":"WebSite","@id":"https:\/\/vaillancourtea.com\/#website","url":"https:\/\/vaillancourtea.com\/","name":"Vaillancourt et Ass. | Courtier immobilier Laval - Rive-Nord","description":"","publisher":{"@id":"https:\/\/vaillancourtea.com\/#organization"},"potentialAction":[{"@type":"SearchAction","target":{"@type":"EntryPoint","urlTemplate":"https:\/\/vaillancourtea.com\/?s={search_term_string}"},"query-input":{"@type":"PropertyValueSpecification","valueRequired":true,"valueName":"search_term_string"}}],"inLanguage":"en-US"},{"@type":"Organization","@id":"https:\/\/vaillancourtea.com\/#organization","name":"Chantal Vaillancourt, Courtier immobilier r\u00e9sidentiel","url":"https:\/\/vaillancourtea.com\/","logo":{"@type":"ImageObject","inLanguage":"en-US","@id":"https:\/\/vaillancourtea.com\/#\/schema\/logo\/image\/","url":"https:\/\/vaillancourtea.com\/files\/2018\/11\/RP_Logo.png","contentUrl":"https:\/\/vaillancourtea.com\/files\/2018\/11\/RP_Logo.png","width":168,"height":63,"caption":"Chantal Vaillancourt, Courtier immobilier r\u00e9sidentiel"},"image":{"@id":"https:\/\/vaillancourtea.com\/#\/schema\/logo\/image\/"}}]}},"description":{"rendered":"<p class=\"attachment\"><a href='https:\/\/vaillancourtea.com\/files\/2021\/02\/lartisan3.jpg'><img loading=\"lazy\" decoding=\"async\" width=\"300\" height=\"177\" src=\"https:\/\/vaillancourtea.com\/files\/2021\/02\/lartisan3-300x177.jpg\" class=\"attachment-medium size-medium\" alt=\"R\u00e9sidence l&#039;Artisan, St-Eustache\" srcset=\"https:\/\/vaillancourtea.com\/files\/2021\/02\/lartisan3-300x177.jpg 300w, https:\/\/vaillancourtea.com\/files\/2021\/02\/lartisan3-768x454.jpg 768w, https:\/\/vaillancourtea.com\/files\/2021\/02\/lartisan3-1024x605.jpg 1024w, https:\/\/vaillancourtea.com\/files\/2021\/02\/lartisan3.jpg 1277w\" sizes=\"auto, (max-width: 300px) 100vw, 300px\" \/><\/a><\/p>\n"},"caption":{"rendered":""},"alt_text":"R\u00e9sidence l'Artisan, St-Eustache","media_type":"image","mime_type":"image\/jpeg","media_details":{"width":1277,"height":755,"file":"2021\/02\/lartisan3.jpg","sizes":{"thumbnail":{"file":"lartisan3-150x150.jpg","width":150,"height":150,"mime_type":"image\/jpeg","source_url":"https:\/\/vaillancourtea.com\/files\/2021\/02\/lartisan3-150x150.jpg"},"medium":{"file":"lartisan3-300x177.jpg","width":300,"height":177,"mime_type":"image\/jpeg","source_url":"https:\/\/vaillancourtea.com\/files\/2021\/02\/lartisan3-300x177.jpg"},"medium_large":{"file":"lartisan3-768x454.jpg","width":768,"height":454,"mime_type":"image\/jpeg","source_url":"https:\/\/vaillancourtea.com\/files\/2021\/02\/lartisan3-768x454.jpg"},"large":{"file":"lartisan3-1024x605.jpg","width":1024,"height":605,"mime_type":"image\/jpeg","source_url":"https:\/\/vaillancourtea.com\/files\/2021\/02\/lartisan3-1024x605.jpg"},"full":{"file":"lartisan3.jpg","width":1277,"height":755,"mime_type":"image\/jpeg","source_url":"https:\/\/vaillancourtea.com\/files\/2021\/02\/lartisan3.jpg"}},"image_meta":{"aperture":"0","credit":"","camera":"","caption":"","created_timestamp":"0","copyright":"","focal_length":"0","iso":"0","shutter_speed":"0","title":"","orientation":"0","keywords":[]}},"post":4131,"source_url":"https:\/\/vaillancourtea.com\/files\/2021\/02\/lartisan3.jpg","_links":{"self":[{"href":"https:\/\/vaillancourtea.com\/en\/wp-json\/wp\/v2\/media\/4164","targetHints":{"allow":["GET"]}}],"collection":[{"href":"https:\/\/vaillancourtea.com\/en\/wp-json\/wp\/v2\/media"}],"about":[{"href":"https:\/\/vaillancourtea.com\/en\/wp-json\/wp\/v2\/types\/attachment"}],"author":[{"embeddable":true,"href":"https:\/\/vaillancourtea.com\/en\/wp-json\/wp\/v2\/users\/1091"}],"replies":[{"embeddable":true,"href":"https:\/\/vaillancourtea.com\/en\/wp-json\/wp\/v2\/comments?post=4164"}],"wp:attached-to":[{"embeddable":true,"post_type":"post","id":4131,"href":"https:\/\/vaillancourtea.com\/en\/wp-json\/wp\/v2\/posts\/4131"}],"curies":[{"name":"wp","href":"https:\/\/api.w.org\/{rel}","templated":true}]}}

<!-- This site is optimized with the Yoast SEO plugin v26.7 - https://yoast.com/wordpress/plugins/seo/ -->
<title>l&#039;artisan3 | Vaillancourt et Ass. | Courtier immobilier Laval - Rive-Nord</title>
<meta name="robots" content="index, follow, max-snippet:-1, max-image-preview:large, max-video-preview:-1" />
<link rel="canonical" href="https://vaillancourtea.com/files/2021/02/lartisan3.jpg" />
<meta property="og:locale" content="en_US" />
<meta property="og:type" content="article" />
<meta property="og:title" content="l&#039;artisan3 | Vaillancourt et Ass. | Courtier immobilier Laval - Rive-Nord" />
<meta property="og:url" content="https://vaillancourtea.com/files/2021/02/lartisan3.jpg" />
<meta property="og:site_name" content="Vaillancourt et Ass. | Courtier immobilier Laval - Rive-Nord" />
<meta property="article:modified_time" content="2021-03-24T22:49:12+00:00" />
<meta property="og:image" content="https://vaillancourtea.com/files/2021/02/lartisan3.jpg" />
<meta name="twitter:card" content="summary_large_image" />
<meta name="twitter:image" content="https://vaillancourtea.com/files/2021/02/lartisan3.jpg" />
<script type="application/ld+json" class="yoast-schema-graph">{"@context":"https://schema.org","@graph":[{"@type":"WebPage","@id":"https://vaillancourtea.com/files/2021/02/lartisan3.jpg","url":"https://vaillancourtea.com/files/2021/02/lartisan3.jpg","name":"l'artisan3 | Vaillancourt et Ass. | Courtier immobilier Laval - Rive-Nord","isPartOf":{"@id":"https://vaillancourtea.com/#website"},"datePublished":"2021-03-24T22:48:42+00:00","dateModified":"2021-03-24T22:49:12+00:00","breadcrumb":{"@id":"https://vaillancourtea.com/files/2021/02/lartisan3.jpg#breadcrumb"},"inLanguage":"en-US","potentialAction":[{"@type":"ReadAction","target":["https://vaillancourtea.com/files/2021/02/lartisan3.jpg"]}]},{"@type":"BreadcrumbList","@id":"https://vaillancourtea.com/files/2021/02/lartisan3.jpg#breadcrumb","itemListElement":[{"@type":"ListItem","position":1,"name":"Accueil","item":"https://vaillancourtea.com/"},{"@type":"ListItem","position":2,"name":"3 façons de trouver la meilleure résidence privée pour aînés","item":"https://vaillancourtea.com/immobilier/3-facons-de-trouver-la-meilleure-residence-privee-pour-aines/"},{"@type":"ListItem","position":3,"name":"l&rsquo;artisan3"}]},{"@type":"WebSite","@id":"https://vaillancourtea.com/#website","url":"https://vaillancourtea.com/","name":"Vaillancourt et Ass. | Courtier immobilier Laval - Rive-Nord","description":"","publisher":{"@id":"https://vaillancourtea.com/#organization"},"potentialAction":[{"@type":"SearchAction","target":{"@type":"EntryPoint","urlTemplate":"https://vaillancourtea.com/?s={search_term_string}"},"query-input":{"@type":"PropertyValueSpecification","valueRequired":true,"valueName":"search_term_string"}}],"inLanguage":"en-US"},{"@type":"Organization","@id":"https://vaillancourtea.com/#organization","name":"Chantal Vaillancourt, Courtier immobilier résidentiel","url":"https://vaillancourtea.com/","logo":{"@type":"ImageObject","inLanguage":"en-US","@id":"https://vaillancourtea.com/#/schema/logo/image/","url":"https://vaillancourtea.com/files/2018/11/RP_Logo.png","contentUrl":"https://vaillancourtea.com/files/2018/11/RP_Logo.png","width":168,"height":63,"caption":"Chantal Vaillancourt, Courtier immobilier résidentiel"},"image":{"@id":"https://vaillancourtea.com/#/schema/logo/image/"}}]}</script>
<!-- / Yoast SEO plugin. -->

3 façons de trouver la meilleure résidence privée pour aînés

Chantal Vaillancourt, Courtier immobilier résidentiel

<p class="attachment"><a href='https://vaillancourtea.com/files/2021/02/lartisan3.jpg'><img loading="lazy" decoding="async" width="300" height="177" src="https://vaillancourtea.com/files/2021/02/lartisan3-300x177.jpg" class="attachment-medium size-medium" alt="Résidence l&#039;Artisan, St-Eustache" srcset="https://vaillancourtea.com/files/2021/02/lartisan3-300x177.jpg 300w, https://vaillancourtea.com/files/2021/02/lartisan3-768x454.jpg 768w, https://vaillancourtea.com/files/2021/02/lartisan3-1024x605.jpg 1024w, https://vaillancourtea.com/files/2021/02/lartisan3.jpg 1277w" sizes="auto, (max-width: 300px) 100vw, 300px" /></a></p>

Résidence l'Artisan, St-Eustache
